 the hundreds digit of 3077772696?
6
What is the ten thousands digit of 1632216813?
1
What is the units digit of 1136190017?
7
What is the thousands digit of 104890523?
0
What is the ten thousands digit of 109140482?
4
What is the millions digit of 203049165?
3
What is the billions digit of 1023788044?
1
What is the thousands digit of 2936685273?
5
What is the millions digit of 395524776?
5
What is the ten thousands digit of 2291460859?
6
What is the millions digit of 29314269?
9
What is the millions digit of 236852599?
6
What is the hundreds digit of 7496652953?
9
What is the thousands digit of 451611455?
1
What is the ten thousands digit of 334667938?
6
What is the thousands digit of 400540883?
0
What is the ten millions digit of 18617494?
1
What is the hundreds digit of 263292126?
1
What is the thousands digit of 142745015?
5
What is the ten millions digit of 62788379?
6
What is the units digit of 23866277?
7
What is the tens digit of 7171369916?
1
What is the units digit of 232921449?
9
What is the ten thousands digit of 711722591?
2
What is the hundreds digit of 653317813?
8
What is the hundred millions digit of 327807550?
3
What is the ten millions digit of 64213673?
6
What is the hundred thousands digit of 8595436?
5
What is the tens digit of 2205878555?
5
What is the hundred thousands digit of 22619305?
6
What is the tens digit of 738390338?
3
What is the ten thousands digit of 47217385?
1
What is the tens digit of 599145308?
0
What is the millions digit of 17507154?
7
What is the hundred thousands digit of 3783371238?
3
What is the ten thousands digit of 787592853?
9
What is the ten millions digit of 444274141?
4
What is the hundreds digit of 363861?
8
What is the hundred millions digit of 201347843?
2
What is the ten millions digit of 421017343?
2
What is the hundred millions digit of 1422999539?
4
What is the hundred thousands digit of 8007057122?
0
What is the ten millions digit of 265295556?
6
What is the ten millions digit of 167737118?
6
What is the hundred millions digit of 331897256?
3
What is the hundreds digit of 13076212?
2
What is the hundreds digit of 3705791737?
7
What is the thousands digit of 197678450?
8
What is the units digit of 127887874?
4
What is the millions digit of 1773504154?
3
What is the hundreds digit of 3821890184?
1
What is the thousands digit of 2266813052?
3
What is the ten millions digit of 246514503?
4
What is the hundreds digit of 5719801824?
8
What is the hundred millions digit of 2141410841?
1
What is the hundred millions digit of 1167383688?
1
What is the ten thousands digit of 428352059?
5
What is the ten millions digit of 248587154?
4
What is the ten millions digit of 45703787?
4
What is the hundreds digit of 86948384?
3
What is the units digit of 1717058049?
9
What is the ten millions digit of 292805342?
9
What is the ten thousands digit of 182422009?
2
What is the hundreds digit of 678679217?
2
What is the hundreds digit of 284308544?
5
What is the millions digit of 631191052?
1
What is the units digit of 46317974?
4
What is the millions digit of 78167928?
8
What is the hundred millions digit of 118113662?
1
What is the millions digit of 111661838?
1
What is the thousands digit of 5573805?
3
What is the ten thousands digit of 799531074?
3
What is the ten thousands digit of 125690460?
9
What is the tens digit of 97438339?
3
What is the tens digit of 320126807?
0
What is the thousands digit of 182183155?
3
What is the hundreds digit of 56566831?
8
What is the units digit of 13305824?
4
What is the ten thousands digit of 440879?
4
What is the hundred thousands digit of 67116222?
1
What is the hundreds digit of 1164837362?
3
What is the units digit of 52314590?
0
What is the ten thousands digit of 104812370?
1
What is the ten thousands digit of 11750687?
5
What is the hundred thousands digit of 85735038?
7
What is the hundreds digit of 75798742?
7
What is the ten thousands digit of 7729759776?
5
What is the billions digit of 4459337570?
4
What is the thousands digit of 2236502837?
2
What is the millions digit of 193904620?
3
What is the thousands digit of 40212033?
2
What is the hundreds digit of 36723167?
1
What is the ten millions digit of 373544607?
7
What is the billions digit of 1381241968?
1
What is the ten thousands digit of 592639806?
3
What is the millions digit of 84135134?
4
What is the billions digit of 1897190858?
1
What is the hundreds digit of 197889275?
2
What is the tens digit of 15956306?
0
What is the billions digit of 1403204333?
1
What is the ten millions digit of 1712875611?
1
What is the ten thousands digit of 259641401?
4
What is the hundreds digit of 219939066?
0
What is the thousands digit of 247911862?
1
What is the hundred millions digit of 100314533?
1
What is the ten thousands digit of 596512396?
1
What is the thousands digit of 9662815?
2
What is the tens digit of 155985601?
0
What is the ten thousands digit of 22220179?
2
What is the ten millions digit of 508523311?
0
What is the ten thousands digit of 4065822992?
2
What is the hundred thousands digit of 202716187?
7
What is the tens digit of 3894141962?
6
What is the hundred thousands digit of 87034759?
0
What is the tens digit of 46566017?
1
What is the tens digit of 1720810424?
2
What is the millions digit of 224244685?
4
What is the millions digit of 39786759?
9
What is the hundred millions digit of 507598485?
5
What is the units digit of 2768722?
2
What is the ten thousands digit of 26848621?
4
What is the hundreds digit of 1423360046?
0
What is the millions digit of 267494157?
7
What is the hundred thousands digit of 3509754119?
7
What is the tens digit of 4352729891?
9
What is the hundreds digit of 16550872?
8
What is the tens digit of 24519446?
4
What is the hundreds digit of 602320388?
3
What is the units digit of 483852844?
4
What is the hundred millions digit of 298524180?
2
What is the tens digit of 468715226?
2
What is the ten millions digit of 60788960?
6
What is the thousands digit of 144217483?
7
What is the ten millions digit of 257688056?
5
What is the thousands digit of 778813817?
3
What is the millions digit of 372791926?
2
What is the millions digit of 251365117?
1
What is the units digit of 217215877?
7
What is the ten millions digit of 1707937400?
0
What is the thousands digit of 337612361?
2
What is the hundred thousands digit of 2064403434?
4
What is the ten millions digit of 5155578772?
5
What is the hundred thousands digit of 387983589?
9
What is the ten millions digit of 64195559?
6
What is the ten millions digit of 14960288?
1
What is the ten millions digit of 3451820478?
5
What is the ten thousands digit of 231619898?
1
What is the billions digit of 6644446968?
6
What is the tens digit of 167459?
5
What is the ten millions digit of 24566764?
2
What is the tens digit of 6754577?
7
What is the hundred millions digit of 1009604834?
0
What is the ten thousands digit of 19442107?
4
What is the tens digit of 43123174?
7
What is the thousands digit of 53838373?
8
What is the billions digit of 2299975231?
2
What is the hundred thousands digit of 581711410?
7
What is the hundreds digit of 4823110341?
3
What is the tens digit of 93137318?
1
What is the hundreds digit of 1104160187?
1
What is the hundreds digit of 38239471?
4
What is the hundreds digit of 413264662?
6
What is the millions digit of 76635274?
6
What is the tens digit of 7664223?
2
What is the tens digit of 198665809?
0
What is the thousands digit of 606180084?
0
What is the thousands digit of 45914148?
4
What is the ten thousands digit of 3736911966?
1
What is the thousands digit of 7536347?
6
What is the units digit of 53333851?
1
What is the hundred thousands digit of 470581107?
5
What is the units digit of 874629884?
4
What is the thousands digit of 712975379?
5
What is the tens digit of 3329260523?
2
What is the hundred thousands digit of 8886186790?
1
What is the hundreds digit of 990185185?
1
What is the hundred thousands digit of 64503892?
5
What is the ten thousands digit of 5591444975?
4
What is the ten millions digit of 1349577143?
4
What is the tens digit of 13053930?
3
What is the billions digit of 3941538791?
3
What is the millions digit of 106149758?
6
What is the millions digit of 198232017?
8
What is the ten th